{"id":43,"date":"2023-11-10T12:31:38","date_gmt":"2023-11-10T12:31:38","guid":{"rendered":"https:\/\/graz.erikvojtas.com\/?page_id=43"},"modified":"2026-01-07T12:06:53","modified_gmt":"2026-01-07T12:06:53","slug":"nutzungsbedingungen","status":"publish","type":"page","link":"https:\/\/data.graz.gv.at\/graz\/nutzungsbedingungen\/","title":{"rendered":"Nutzungsbedingungen"},"content":{"rendered":"<p>[et_pb_section fb_built=&#8220;1&#8243; admin_label=&#8220;Body&#8220; _builder_version=&#8220;4.23.1&#8243; _module_preset=&#8220;default&#8220; locked=&#8220;off&#8220; collapsed=&#8220;off&#8220; global_colors_info=&#8220;{}&#8220;][et_pb_row _builder_version=&#8220;4.23.1&#8243; _module_preset=&#8220;default&#8220; max_width=&#8220;100%&#8220; global_colors_info=&#8220;{}&#8220;][et_pb_column type=&#8220;4_4&#8243; _builder_version=&#8220;4.23.1&#8243; _module_preset=&#8220;default&#8220; global_colors_info=&#8220;{}&#8220;][et_pb_text _builder_version=&#8220;4.24.0&#8243; _module_preset=&#8220;default&#8220; header_2_text_color=&#8220;#FFFFFF&#8220; background_color=&#8220;#165F83&#8243; max_width=&#8220;300px&#8220; custom_margin=&#8220;||||false|false&#8220; custom_padding=&#8220;5px||||false|false&#8220; header_2_font_tablet=&#8220;&#8220; header_2_font_phone=&#8220;&#8220; header_2_font_last_edited=&#8220;on|phone&#8220; header_2_font_size_tablet=&#8220;&#8220; header_2_font_size_phone=&#8220;18px&#8220; header_2_font_size_last_edited=&#8220;on|phone&#8220; border_width_all=&#8220;1px&#8220; border_color_all=&#8220;#165F83&#8243; global_colors_info=&#8220;{}&#8220;]<\/p>\n<h2 style=\"text-align: center;\">Nutzungsbedingungen<\/h2>\n<p>[\/et_pb_text][\/et_pb_column][\/et_pb_row][et_pb_row _builder_version=&#8220;4.23.1&#8243; _module_preset=&#8220;default&#8220; max_width=&#8220;none&#8220; global_colors_info=&#8220;{}&#8220;][et_pb_column type=&#8220;4_4&#8243; _builder_version=&#8220;4.23.1&#8243; _module_preset=&#8220;default&#8220; border_color_all=&#8220;#909090&#8243; global_colors_info=&#8220;{}&#8220;][et_pb_text _builder_version=&#8220;4.24.0&#8243; _module_preset=&#8220;default&#8220; text_text_color=&#8220;#000000&#8243; hover_enabled=&#8220;0&#8243; global_colors_info=&#8220;{}&#8220; sticky_enabled=&#8220;0&#8243;]<\/p>\n<p>Die Stadt Graz ver\u00f6ffentlicht Daten in maschinenlesbarer Form f\u00fcr die weitere Nutzung durch die Bev\u00f6lkerung, die Wirtschaft, die Wissenschaft, die Kunst und Kultur. Die Weiterverwendung soll durch standardisierte und transparente Nutzungsbedingungen vereinfacht werden.<\/p>\n<p>Open Government Data Graz der Stadt Graz steht unter einer\u00a0<a href=\"https:\/\/creativecommons.org\/licenses\/by\/4.0\/deed.de\">Creative Commons Namensnennung 4.0 International<\/a>.<\/p>\n<p>&nbsp;<\/p>\n<h3><strong>Erkl\u00e4rungen zur Lizenz<\/strong><\/h3>\n<ul>\n<li>Die Namensnennung der Stadt Graz als RechteinhaberIn hat in folgender Weise zu erfolgen: &#8222;Datenquelle: Stadt Graz &#8211; data.graz.gv.at&#8220;<\/li>\n<li>Die Bev\u00f6lkerung soll \u00fcber neue Anwendungen und Services informiert werden, die Open Government Data (OGD) der Stadt Graz verwenden. Die Stadt Graz ist berechtigt, Informationen \u00fcber solche Anwendungen und Services zu ver\u00f6ffentlichen und f\u00fcr eine Berichterstattung zu verwenden. Der Stadt Graz ist eine Ver\u00f6ffentlichung (Verlinkung) der Anwendungen und Services im Rahmen des Webauftritts data.graz.gv.at gestattet.<\/li>\n<li>Die Stadt Graz fordert DienstleisterInnen, die OGD der Stadt Graz f\u00fcr ihre Anwendungen und Services verwenden, dazu auf, aktiv dar\u00fcber zu informieren, wo diese Services und Anwendungen aufzufinden sind. Informationen bitte an<span>\u00a0<\/span><a href=\"mailto:ogd@stadt.graz.at\">ogd@stadt.graz.at<\/a>.<\/li>\n<li>Die Daten von Open Government Data Graz data.graz.gv.at d\u00fcrfen nicht f\u00fcr Anwendungen oder Ver\u00f6ffentlichungen verwendet werden, die kriminelle, illegale, rassistische, diskriminierende, verleumderische, pornographische, sexistische oder homophobe Aktivit\u00e4ten unterst\u00fctzen oder zu solchen Aktivit\u00e4ten anstiften.<\/li>\n<\/ul>\n<p>[\/et_pb_text][\/et_pb_column][\/et_pb_row][\/et_pb_section]<\/p>\n","protected":false},"excerpt":{"rendered":"<p>NutzungsbedingungenDie Stadt Graz ver\u00f6ffentlicht Daten in maschinenlesbarer Form f\u00fcr die weitere Nutzung durch die Bev\u00f6lkerung, die Wirtschaft, die Wissenschaft, die Kunst und Kultur. Die Weiterverwendung soll durch standardisierte und transparente Nutzungsbedingungen vereinfacht werden. Open Government Data Graz der Stadt Graz steht unter einer\u00a0Creative Commons Namensnennung 4.0 International. &nbsp; Erkl\u00e4rungen zur Lizenz Die Namensnennung der Stadt [&hellip;]<\/p>\n","protected":false},"author":1,"featured_media":0,"parent":0,"menu_order":0,"comment_status":"closed","ping_status":"closed","template":"","meta":{"_et_pb_use_builder":"on","_et_pb_old_content":"","_et_gb_content_width":"","footnotes":""},"class_list":["post-43","page","type-page","status-publish","hentry"],"_links":{"self":[{"href":"https:\/\/data.graz.gv.at\/graz\/wp-json\/wp\/v2\/pages\/43","targetHints":{"allow":["GET"]}}],"collection":[{"href":"https:\/\/data.graz.gv.at\/graz\/wp-json\/wp\/v2\/pages"}],"about":[{"href":"https:\/\/data.graz.gv.at\/graz\/wp-json\/wp\/v2\/types\/page"}],"author":[{"embeddable":true,"href":"https:\/\/data.graz.gv.at\/graz\/wp-json\/wp\/v2\/users\/1"}],"replies":[{"embeddable":true,"href":"https:\/\/data.graz.gv.at\/graz\/wp-json\/wp\/v2\/comments?post=43"}],"version-history":[{"count":10,"href":"https:\/\/data.graz.gv.at\/graz\/wp-json\/wp\/v2\/pages\/43\/revisions"}],"predecessor-version":[{"id":6643,"href":"https:\/\/data.graz.gv.at\/graz\/wp-json\/wp\/v2\/pages\/43\/revisions\/6643"}],"wp:attachment":[{"href":"https:\/\/data.graz.gv.at\/graz\/wp-json\/wp\/v2\/media?parent=43"}],"curies":[{"name":"wp","href":"https:\/\/api.w.org\/{rel}","templated":true}]}}