{"id":40,"date":"2023-11-10T12:31:38","date_gmt":"2023-11-10T12:31:38","guid":{"rendered":"https:\/\/graz.erikvojtas.com\/?page_id=40"},"modified":"2026-01-07T15:36:52","modified_gmt":"2026-01-07T15:36:52","slug":"daten","status":"publish","type":"page","link":"https:\/\/data.graz.gv.at\/graz\/daten\/","title":{"rendered":"Daten"},"content":{"rendered":"<p>[et_pb_section fb_built=&#8220;1&#8243; admin_label=&#8220;Body&#8220; _builder_version=&#8220;4.23.1&#8243; _module_preset=&#8220;default&#8220; locked=&#8220;off&#8220; collapsed=&#8220;off&#8220; global_colors_info=&#8220;{}&#8220;][et_pb_row _builder_version=&#8220;4.23.1&#8243; _module_preset=&#8220;default&#8220; max_width=&#8220;100%&#8220; global_colors_info=&#8220;{}&#8220;][et_pb_column type=&#8220;4_4&#8243; _builder_version=&#8220;4.23.1&#8243; _module_preset=&#8220;default&#8220; global_colors_info=&#8220;{}&#8220;][et_pb_text _builder_version=&#8220;4.24.0&#8243; _module_preset=&#8220;default&#8220; header_2_text_color=&#8220;#FFFFFF&#8220; background_color=&#8220;#165F83&#8243; max_width=&#8220;150px&#8220; custom_margin=&#8220;||||false|false&#8220; custom_padding=&#8220;5px||||false|false&#8220; header_2_font_tablet=&#8220;&#8220; header_2_font_phone=&#8220;&#8220; header_2_font_last_edited=&#8220;on|phone&#8220; header_2_font_size_tablet=&#8220;&#8220; header_2_font_size_phone=&#8220;18px&#8220; header_2_font_size_last_edited=&#8220;on|phone&#8220; border_width_all=&#8220;1px&#8220; border_color_all=&#8220;#165F83&#8243; global_colors_info=&#8220;{}&#8220;]<\/p>\n<h2 style=\"text-align: center\">Daten<\/h2>\n<p>[\/et_pb_text][et_pb_text _builder_version=&#8220;4.23.4&#8243; _module_preset=&#8220;default&#8220; text_text_color=&#8220;#000000&#8243; global_colors_info=&#8220;{}&#8220;]<\/p>\n<p>Hier k\u00f6nnen Sie alle zur Verf\u00fcgung gestellten Daten ansehen. Wichtig dazu sind die Metadaten, die die eigentlichen Datens\u00e4tze beschreiben. Einfach im Men\u00fc links die gew\u00fcnschte Kategorie anklicken.<\/p>\n<p>Wir w\u00fcnschen Ihnen viel Spa\u00df beim Durchst\u00f6bern der Daten!<\/p>\n<p>[\/et_pb_text][\/et_pb_column][\/et_pb_row][\/et_pb_section]<\/p>\n<p><!DOCTYPE html><br \/>\n<html><br \/>\n<head><br \/>\n<\/head><br \/>\n<body><br \/>\n<!DOCTYPE html><br \/>\n<html><br \/>\n<head><br \/>\n<\/head><br \/>\n<body><br \/>\n<!DOCTYPE html><br \/>\n<html><br \/>\n<head><br \/>\n<\/head><br \/>\n<body><br \/>\n<!DOCTYPE html><br \/>\n<html><br \/>\n<head><br \/>\n<\/head><br \/>\n<body><br \/>\n<!DOCTYPE html><br \/>\n<html><br \/>\n<head><br \/>\n<\/head><br \/>\n<body><br \/>\n<!DOCTYPE html><br \/>\n<html><br \/>\n<head><br \/>\n<\/head><br \/>\n<body><br \/>\n<!DOCTYPE html><br \/>\n<html><br \/>\n<head><br \/>\n<\/head><br \/>\n<body><br \/>\n<!DOCTYPE html><br \/>\n<html><br \/>\n<head><br \/>\n<\/head><br \/>\n<body><br \/>\n<!DOCTYPE html><br \/>\n<html><br \/>\n<head><br \/>\n<\/head><br \/>\n<body><br \/>\n<!DOCTYPE html><br \/>\n<html><br \/>\n<head><br \/>\n<\/head><br \/>\n<body><br \/>\n<!DOCTYPE html><br \/>\n<html><br \/>\n<head><br \/>\n<\/head><br \/>\n<body><br \/>\n<!DOCTYPE html><br \/>\n<html><br \/>\n<head><br \/>\n<\/head><br \/>\n<body><br \/>\n<!DOCTYPE html><br \/>\n<html><br \/>\n<head><br \/>\n<\/head><br \/>\n<body><br \/>\n<!DOCTYPE html><br \/>\n<html><br \/>\n<head><br \/>\n<\/head><br \/>\n<body><br \/>\n<!DOCTYPE html><br \/>\n<html><br \/>\n<head><br \/>\n<\/head><br \/>\n<body><br \/>\n<!DOCTYPE html><br \/>\n<html><br \/>\n<head><br \/>\n<\/head><br \/>\n<body><br \/>\n<!DOCTYPE html><br \/>\n<html><br \/>\n<head><br \/>\n<\/head><br \/>\n<body><br \/>\n<!DOCTYPE html><br \/>\n<html><br \/>\n<head><br \/>\n<\/head><br \/>\n<body><br \/>\n<!DOCTYPE html><br \/>\n<html><br \/>\n<head><br \/>\n<\/head><br \/>\n<body><br \/>\n<!DOCTYPE html><br \/>\n<html><br \/>\n<head><br \/>\n<\/head><br \/>\n<body><br \/>\n<!DOCTYPE html><br \/>\n<html><br \/>\n<head><br \/>\n<\/head><br \/>\n<body><br \/>\n<!DOCTYPE html><br \/>\n<html><br \/>\n<head><br \/>\n<\/head><br \/>\n<body><br \/>\n<!DOCTYPE html><br \/>\n<html><br \/>\n<head><br \/>\n<\/head><br \/>\n<body><br \/>\n<!DOCTYPE html><br \/>\n<html><br \/>\n<head><br \/>\n<\/head><br \/>\n<body><br \/>\n<!DOCTYPE html><br \/>\n<html><br \/>\n<head><br \/>\n<\/head><br \/>\n<body><br \/>\n<!DOCTYPE html><br \/>\n<html><br \/>\n<head><br \/>\n<\/head><br \/>\n<body><br \/>\n<!DOCTYPE html><br \/>\n<html><br \/>\n<head><br \/>\n<\/head><br \/>\n<body><br \/>\n<!DOCTYPE html><br \/>\n<html><br \/>\n<head><br \/>\n<\/head><br \/>\n<body><br \/>\n<!DOCTYPE html><br \/>\n<html><br \/>\n<head><br \/>\n<\/head><br \/>\n<body><br \/>\n<!DOCTYPE html><br \/>\n<html><br \/>\n<head><br \/>\n<\/head><br \/>\n<body><br \/>\n<!DOCTYPE html><br \/>\n<html><br \/>\n<head><br \/>\n<\/head><br \/>\n<body><br \/>\n<!DOCTYPE html><br \/>\n<html><br \/>\n<head><br \/>\n<\/head><br \/>\n<body><br \/>\n<!DOCTYPE html><br \/>\n<html><br \/>\n<head><br \/>\n<\/head><br \/>\n<body><br \/>\n<!DOCTYPE html><br \/>\n<html><br \/>\n<head><br \/>\n<\/head><br \/>\n<body><\/p>\n<div class=\"et_pb_section et_pb_section_1 et_section_regular\">\n<div class=\"et_pb_row et_pb_row_1 two-columns fullWidthMax\">\n<div class=\"et_pb_column et_pb_column_1_2 et_pb_column_1 et_pb_css_mix_blend_mode_passthrough et_pb_column_empty\">\n    <\/div>\n<div class=\"et_pb_column et_pb_column_1_2 et_pb_column_2  et_pb_css_mix_blend_mode_passthrough et-last-child\">\n<div class=\"et_pb_button_module_wrapper et_pb_button_0_wrapper et_pb_button_alignment_right et_pb_module \">\n<a class=\"et_pb_button et_pb_button_0 et_pb_bg_layout_light\" href=https:\/\/data.graz.gv.at\/graz\/alle-daten\/>Alle Datens\u00e4tze anzeigen<\/a>\n<\/div>\n<\/div>\n<\/div>\n<div class=\"et_pb_row et_pb_row_2 et_pb_row_5col fullWidthMax\"><a href=\"https:\/\/data.graz.gv.at\/graz\/wirtschaft-und-finanzen\/\" class=\"et_pb_with_border et_pb_column_1_5 et_pb_column et_pb_column_3 et_clickable  et_pb_css_mix_blend_mode_passthrough hoverEffect categoryColumn\"><\/p>\n<div class=\"et_pb_module et_pb_icon et_pb_icon_0 categoryIconModule\">\n<span class=\"et_pb_icon_wrap \"><i class=\"fas fa-euro-sign categoryIcon\"><\/i><\/span>\n<\/div>\n<div class=\"et_pb_module et_pb_text et_pb_text_2 et_pb_text_align_left et_pb_bg_layout_light categoryTextModule\">\n<div class=\"et_pb_text_inner categoryText\">\n<h2 class=\"categoryHeading\"><strong>Wirtschaft und Finanzen<\/strong><\/h2>\n<\/div>\n<\/div>\n<p><\/a><a href=\"https:\/\/data.graz.gv.at\/graz\/bevoelkerung-und-gesellschaft\/\" class=\"et_pb_with_border et_pb_column_1_5 et_pb_column et_pb_column_4 et_clickable  et_pb_css_mix_blend_mode_passthrough hoverEffect categoryColumn\"><\/p>\n<div class=\"et_pb_module et_pb_icon et_pb_icon_1 categoryIconModule\">\n<span class=\"et_pb_icon_wrap \"><i class=\"fas fa-user-friends categoryIcon\"><\/i><\/span>\n<\/div>\n<div class=\"et_pb_module et_pb_text et_pb_text_3 et_pb_text_align_left et_pb_bg_layout_light categoryTextModule\">\n<div class=\"et_pb_text_inner categoryText\">\n<h2 class=\"categoryHeading\"><strong>Bev\u00f6lkerung und Gesellschaft<\/strong><\/h2>\n<\/div>\n<\/div>\n<p><\/a><a href=\"https:\/\/data.graz.gv.at\/graz\/regierung-und-oeffentlicher-sektor\/\" class=\"et_pb_with_border et_pb_column_1_5 et_pb_column et_pb_column_5 et_clickable  et_pb_css_mix_blend_mode_passthrough hoverEffect categoryColumn\"><\/p>\n<div class=\"et_pb_module et_pb_icon et_pb_icon_2 categoryIconModule\">\n<span class=\"et_pb_icon_wrap \"><i class=\"fas fa-university categoryIcon\"><\/i><\/span>\n<\/div>\n<div class=\"et_pb_module et_pb_text et_pb_text_4 et_pb_text_align_left et_pb_bg_layout_light categoryTextModule\">\n<div class=\"et_pb_text_inner categoryText\">\n<h2 class=\"categoryHeading\"><strong>Regierung und \u00f6ffentlicher Sektor<\/strong><\/h2>\n<\/div>\n<\/div>\n<p><\/a><a href=\"https:\/\/data.graz.gv.at\/graz\/umwelt\/\" class=\"et_pb_with_border et_pb_column_1_5 et_pb_column et_pb_column_6 et_clickable  et_pb_css_mix_blend_mode_passthrough hoverEffect categoryColumn\"><\/p>\n<div class=\"et_pb_module et_pb_icon et_pb_icon_3 categoryIconModule\">\n<span class=\"et_pb_icon_wrap \"><i class=\"fas fa-leaf categoryIcon\"><\/i><\/span>\n<\/div>\n<div class=\"et_pb_module et_pb_text et_pb_text_5 et_pb_text_align_left et_pb_bg_layout_light categoryTextModule\">\n<div class=\"et_pb_text_inner categoryText\">\n<h2 class=\"categoryHeading\"><strong>Umwelt<\/strong><\/h2>\n<\/div>\n<\/div>\n<p><\/a><a href=\"https:\/\/data.graz.gv.at\/graz\/regionen-und-staedte\/\" class=\"et_pb_with_border et_pb_column_1_5 et_pb_column et_pb_column_7 et_clickable  et_pb_css_mix_blend_mode_passthrough hoverEffect categoryColumn\"><\/p>\n<div class=\"et_pb_module et_pb_icon et_pb_icon_4 categoryIconModule\">\n<span class=\"et_pb_icon_wrap \"><i class=\"fas fa-building categoryIcon\"><\/i><\/span>\n<\/div>\n<div class=\"et_pb_module et_pb_text et_pb_text_6 et_pb_text_align_left et_pb_bg_layout_light categoryTextModule\">\n<div class=\"et_pb_text_inner categoryText\">\n<h2 class=\"categoryHeading\"><strong>Regionen und St\u00e4dte<\/strong><\/h2>\n<\/div>\n<\/div>\n<p><\/a><\/div>\n<div class=\"et_pb_row et_pb_row_3 et_pb_row_5col fullWidthMax\"><a href=\"https:\/\/data.graz.gv.at\/graz\/bildung-kultur-und-sport\/\" class=\"et_pb_with_border et_pb_column_1_5 et_pb_column et_pb_column_8 et_clickable  et_pb_css_mix_blend_mode_passthrough hoverEffect categoryColumn\"><\/p>\n<div class=\"et_pb_module et_pb_icon et_pb_icon_5 categoryIconModule\">\n<span class=\"et_pb_icon_wrap \"><i class=\"fas fa-graduation-cap categoryIcon\"><\/i><\/span>\n<\/div>\n<div class=\"et_pb_module et_pb_text et_pb_text_7 et_pb_text_align_left et_pb_bg_layout_light categoryTextModule\">\n<div class=\"et_pb_text_inner categoryText\">\n<h2 class=\"categoryHeading\"><strong>Bildung, Kultur und Sport<\/strong><\/h2>\n<\/div>\n<\/div>\n<p><\/a><a href=\"https:\/\/data.graz.gv.at\/graz\/gesundheit\/\" class=\"et_pb_with_border et_pb_column_1_5 et_pb_column et_pb_column_9 et_clickable  et_pb_css_mix_blend_mode_passthrough hoverEffect categoryColumn\"><\/p>\n<div class=\"et_pb_module et_pb_icon et_pb_icon_6 categoryIconModule\">\n<span class=\"et_pb_icon_wrap \"><i class=\"fas fa-heartbeat categoryIcon\"><\/i><\/span>\n<\/div>\n<div class=\"et_pb_module et_pb_text et_pb_text_8 et_pb_text_align_left et_pb_bg_layout_light categoryTextModule\">\n<div class=\"et_pb_text_inner categoryText\">\n<h2 class=\"categoryHeading\"><strong>Gesundheit<\/strong><\/h2>\n<\/div>\n<\/div>\n<p><\/a><a href=\"https:\/\/data.graz.gv.at\/graz\/verkehr\/\" class=\"et_pb_with_border et_pb_column_1_5 et_pb_column et_pb_column_10 et_clickable  et_pb_css_mix_blend_mode_passthrough hoverEffect categoryColumn\"><\/p>\n<div class=\"et_pb_module et_pb_icon et_pb_icon_7 categoryIconModule\">\n<span class=\"et_pb_icon_wrap \"><i class=\"fas fa-bus categoryIcon\"><\/i><\/span>\n<\/div>\n<div class=\"et_pb_module et_pb_text et_pb_text_9 et_pb_text_align_left et_pb_bg_layout_light categoryTextModule\">\n<div class=\"et_pb_text_inner categoryText\">\n<h2 class=\"categoryHeading\"><strong>Verkehr<\/strong><\/h2>\n<\/div>\n<\/div>\n<p><\/a><\/div>\n<\/div>\n<p><\/body><br \/>\n<\/html><\/p>\n","protected":false},"excerpt":{"rendered":"<p>DatenHier k\u00f6nnen Sie alle zur Verf\u00fcgung gestellten Daten ansehen. Wichtig dazu sind die Metadaten, die die eigentlichen Datens\u00e4tze beschreiben. Einfach im Men\u00fc links die gew\u00fcnschte Kategorie anklicken. Wir w\u00fcnschen Ihnen viel Spa\u00df beim Durchst\u00f6bern der Daten! Alle Datens\u00e4tze anzeigen Wirtschaft und Finanzen Bev\u00f6lkerung und Gesellschaft Regierung und \u00f6ffentlicher Sektor Umwelt Regionen und St\u00e4dte Bildung, Kultur [&hellip;]<\/p>\n","protected":false},"author":1,"featured_media":0,"parent":0,"menu_order":0,"comment_status":"closed","ping_status":"closed","template":"","meta":{"_et_pb_use_builder":"on","_et_pb_old_content":"","_et_gb_content_width":"","footnotes":""},"class_list":["post-40","page","type-page","status-publish","hentry"],"_links":{"self":[{"href":"https:\/\/data.graz.gv.at\/graz\/wp-json\/wp\/v2\/pages\/40","targetHints":{"allow":["GET"]}}],"collection":[{"href":"https:\/\/data.graz.gv.at\/graz\/wp-json\/wp\/v2\/pages"}],"about":[{"href":"https:\/\/data.graz.gv.at\/graz\/wp-json\/wp\/v2\/types\/page"}],"author":[{"embeddable":true,"href":"https:\/\/data.graz.gv.at\/graz\/wp-json\/wp\/v2\/users\/1"}],"replies":[{"embeddable":true,"href":"https:\/\/data.graz.gv.at\/graz\/wp-json\/wp\/v2\/comments?post=40"}],"version-history":[{"count":117,"href":"https:\/\/data.graz.gv.at\/graz\/wp-json\/wp\/v2\/pages\/40\/revisions"}],"predecessor-version":[{"id":19361,"href":"https:\/\/data.graz.gv.at\/graz\/wp-json\/wp\/v2\/pages\/40\/revisions\/19361"}],"wp:attachment":[{"href":"https:\/\/data.graz.gv.at\/graz\/wp-json\/wp\/v2\/media?parent=40"}],"curies":[{"name":"wp","href":"https:\/\/api.w.org\/{rel}","templated":true}]}}