{"id":39,"date":"2023-11-10T12:31:38","date_gmt":"2023-11-10T12:31:38","guid":{"rendered":"https:\/\/graz.erikvojtas.com\/?page_id=39"},"modified":"2026-01-07T12:06:54","modified_gmt":"2026-01-07T12:06:54","slug":"open-government-data","status":"publish","type":"page","link":"https:\/\/data.graz.gv.at\/graz\/open-government-data\/","title":{"rendered":"Open Government Data"},"content":{"rendered":"<p>[et_pb_section fb_built=&#8220;1&#8243; admin_label=&#8220;Body&#8220; _builder_version=&#8220;4.23.1&#8243; _module_preset=&#8220;default&#8220; locked=&#8220;off&#8220; collapsed=&#8220;off&#8220; global_colors_info=&#8220;{}&#8220;][et_pb_row _builder_version=&#8220;4.23.1&#8243; _module_preset=&#8220;default&#8220; max_width=&#8220;100%&#8220; global_colors_info=&#8220;{}&#8220;][et_pb_column type=&#8220;4_4&#8243; _builder_version=&#8220;4.23.1&#8243; _module_preset=&#8220;default&#8220; global_colors_info=&#8220;{}&#8220;][et_pb_text _builder_version=&#8220;4.24.0&#8243; _module_preset=&#8220;default&#8220; header_2_text_color=&#8220;#FFFFFF&#8220; background_color=&#8220;#165F83&#8243; max_width=&#8220;320px&#8220; custom_margin=&#8220;||||false|false&#8220; custom_padding=&#8220;5px||||false|false&#8220; header_2_font_tablet=&#8220;&#8220; header_2_font_phone=&#8220;&#8220; header_2_font_last_edited=&#8220;on|phone&#8220; header_2_font_size_tablet=&#8220;&#8220; header_2_font_size_phone=&#8220;18px&#8220; header_2_font_size_last_edited=&#8220;on|phone&#8220; border_width_all=&#8220;1px&#8220; border_color_all=&#8220;#165F83&#8243; global_colors_info=&#8220;{}&#8220;]<\/p>\n<h2 style=\"text-align: center;\">Open Government Data<\/h2>\n<p>[\/et_pb_text][\/et_pb_column][\/et_pb_row][et_pb_row _builder_version=&#8220;4.23.1&#8243; _module_preset=&#8220;default&#8220; max_width=&#8220;none&#8220; global_colors_info=&#8220;{}&#8220;][et_pb_column type=&#8220;4_4&#8243; _builder_version=&#8220;4.23.1&#8243; _module_preset=&#8220;default&#8220; border_color_all=&#8220;#909090&#8243; global_colors_info=&#8220;{}&#8220;][et_pb_text _builder_version=&#8220;4.24.0&#8243; _module_preset=&#8220;default&#8220; text_text_color=&#8220;#000000&#8243; hover_enabled=&#8220;0&#8243; global_colors_info=&#8220;{}&#8220; sticky_enabled=&#8220;0&#8243;]<\/p>\n<h3><strong>Plattform f\u00fcr maschinenlesbare Daten der Grazer Stadtverwaltung<\/strong><\/h3>\n<p><em>Auf dieser Plattform werden Daten in maschinenlesbarer Form f\u00fcr EntwicklerInnen aus dem privaten Bereich und der Wirtschaft zur freien Weiterverwendung<span>\u00a0<\/span><\/em><em>(basierend auf den<a href=\"open-data-prinzipien\">\u00a0<\/a><\/em><a href=\"open-data-prinzipien\">Open Data Prinzipien<\/a>)<span>\u00a0<\/span><em>zur Verf\u00fcgung gestellt!<\/em><\/p>\n<h3><strong>Open Government Data (offene Verwaltungsdaten)<\/strong><\/h3>\n<p>Die Offenlegung von Verwaltungsdaten wird als Mittel zur Steigerung der Beteiligung in einem gemeinsamen Werterstellungsprozess von Politik, Verwaltung, B\u00fcrgerInnen, Forschung \u00a0und Wirtschaft diskutiert. Die damit einhergehende Transparenz von Daten und Informationen steigert das Vertrauen aller an Verwaltungsprozessen Beteiligter, f\u00fchrt zu neuen Gesch\u00e4ftsmodellen und festigt mittel- bis langfristig die bestehenden demokratischen Institutionen.<\/p>\n<h3><strong>Open Government (\u00d6ffnung von Staat und Verwaltung)<\/strong><\/h3>\n<p>Open Government wird als ein Sammelbegriff f\u00fcr eine ganze Reihe unterschiedlicher Konzepte und Visionen verwendet, die sich mit bestimmten Facetten einer \u00d6ffnung von Staat und Verwaltung auseinander setzen. Hierzu z\u00e4hlen \u00dcberlegungen zu Transparenz 2.0, Partizipation 2.0 und Kollaboration 2.0, der Ansatz offener Innovationen, die \u00d6ffnung der Gesellschaft, die offene Gesellschaft, \u00dcberlegungen zu freien Daten sowie offene Standards, offene Schnittstellen, quelloffene Software und offene Kommunikationssysteme.<\/p>\n<p>Die Grunds\u00e4tze von Open Government sind<\/p>\n<ul>\n<li><strong>Transparenz<\/strong>: st\u00e4rkt das Pflichtbewusstsein und liefert den B\u00fcrgerinnen und B\u00fcrgern Informationen \u00fcber das Handeln ihrer Regierung und ihrer Verwaltung. Die freie Verf\u00fcgbarkeit von Daten ist eine wesentliche Grundlage f\u00fcr Transparenz.<\/li>\n<li><strong>Partizipation<\/strong>: verst\u00e4rkt die Effektivit\u00e4t von Regierung und Verwaltung und verbessert die Qualit\u00e4t ihrer Entscheidungen, indem das weit verstreute Wissen der Gesellschaft in die Entscheidungsfindung mit eingebunden wird.<\/li>\n<li><strong>Kollaboration<\/strong>: bietet innovative Werkzeuge, Methoden und Systeme, um die Zusammenarbeit \u00fcber alle Verwaltungsebenen hinweg und mit dem privaten Sektor zu forcieren.<\/li>\n<\/ul>\n<p>Eine Implementierung einer Open Government Strategie in Verwaltungs- und politische Prozesse sollte daher im Licht des Wandels von Werte- und Entscheidungskulturen erfolgen. Hierf\u00fcr notwendig sind transparente Prozesse, die Open Government Data zu einer wesentlichen S\u00e4ule aller Open Government Strategien machen.<\/p>\n<h3><strong>Open Government Data (Offene Verwaltungsdaten)<\/strong><\/h3>\n<p>Open Government Data sind jene nicht-personenbezogenen Datenbest\u00e4nde, die im Interesse der Allgemeinheit ohne jedwede Einschr\u00e4nkung zur freien Nutzung, zur Weiterverbreitung und zur freien Weiterverwendung frei zug\u00e4nglich gemacht werden.<\/p>\n<p>Open Government Data wird das Potential f\u00fcr gesellschaftlichen, kulturellen, wissenschaftlichen und wirtschaftlichen Fortschritt\u00a0 zugesprochen. Durch die Nutzbarmachung von nicht personenbezogenen Informationen des \u00f6ffentlichen Sektors wird die Entwicklung neuer Produkte und Dienste gef\u00f6rdert sowie das Wirtschaftswachstum in \u00d6sterreich unterst\u00fctzt. \u00dcberdies wird Open Government Data als ad\u00e4quates Werkzeug gesehen, um die Transparenz des Verwaltungshandelns zu erh\u00f6hen, eine bessere Zusammenarbeit von Politik, Verwaltung, Wirtschaft und B\u00fcrgerInnen zu erm\u00f6glichen und die Demokratie zu st\u00e4rken.<\/p>\n<p>[\/et_pb_text][\/et_pb_column][\/et_pb_row][\/et_pb_section]<\/p>\n","protected":false},"excerpt":{"rendered":"<p>Open Government DataPlattform f\u00fcr maschinenlesbare Daten der Grazer Stadtverwaltung Auf dieser Plattform werden Daten in maschinenlesbarer Form f\u00fcr EntwicklerInnen aus dem privaten Bereich und der Wirtschaft zur freien Weiterverwendung\u00a0(basierend auf den\u00a0Open Data Prinzipien)\u00a0zur Verf\u00fcgung gestellt! Open Government Data (offene Verwaltungsdaten) Die Offenlegung von Verwaltungsdaten wird als Mittel zur Steigerung der Beteiligung in einem gemeinsamen Werterstellungsprozess [&hellip;]<\/p>\n","protected":false},"author":1,"featured_media":0,"parent":0,"menu_order":0,"comment_status":"closed","ping_status":"closed","template":"","meta":{"_et_pb_use_builder":"on","_et_pb_old_content":"","_et_gb_content_width":"","footnotes":""},"class_list":["post-39","page","type-page","status-publish","hentry"],"_links":{"self":[{"href":"https:\/\/data.graz.gv.at\/graz\/wp-json\/wp\/v2\/pages\/39","targetHints":{"allow":["GET"]}}],"collection":[{"href":"https:\/\/data.graz.gv.at\/graz\/wp-json\/wp\/v2\/pages"}],"about":[{"href":"https:\/\/data.graz.gv.at\/graz\/wp-json\/wp\/v2\/types\/page"}],"author":[{"embeddable":true,"href":"https:\/\/data.graz.gv.at\/graz\/wp-json\/wp\/v2\/users\/1"}],"replies":[{"embeddable":true,"href":"https:\/\/data.graz.gv.at\/graz\/wp-json\/wp\/v2\/comments?post=39"}],"version-history":[{"count":11,"href":"https:\/\/data.graz.gv.at\/graz\/wp-json\/wp\/v2\/pages\/39\/revisions"}],"predecessor-version":[{"id":7139,"href":"https:\/\/data.graz.gv.at\/graz\/wp-json\/wp\/v2\/pages\/39\/revisions\/7139"}],"wp:attachment":[{"href":"https:\/\/data.graz.gv.at\/graz\/wp-json\/wp\/v2\/media?parent=39"}],"curies":[{"name":"wp","href":"https:\/\/api.w.org\/{rel}","templated":true}]}}