{"id":19663,"date":"2026-01-15T08:56:08","date_gmt":"2026-01-15T08:56:08","guid":{"rendered":"https:\/\/data.graz.gv.at\/graz\/stadtbibliothek_rss_feeds-graz-2\/"},"modified":"2026-01-15T08:56:08","modified_gmt":"2026-01-15T08:56:08","slug":"stadtbibliothek_rss_feeds-graz-2","status":"publish","type":"page","link":"https:\/\/data.graz.gv.at\/graz\/stadtbibliothek_rss_feeds-graz-2\/","title":{"rendered":"Stadtbibliothek_RSS_Feeds Graz"},"content":{"rendered":"<div class=\"et_pb_section et_pb_section_0 et_section_regular general_style\">\n<div class=\"et_pb_row et_pb_row_0 pt-0 fullWidthMax\">\n<div class=\"et_pb_column et_pb_column_4_4 et_pb_column_0  et_pb_css_mix_blend_mode_passthrough et-last-child\">\n<div class=\"et_pb_with_border et_pb_module et_pb_text et_pb_text_0  et_pb_text_align_left et_pb_bg_layout_light\">\n<div class=\"et_pb_text_inner\">\n<div id=\"breadcrumb\"><\/div>\n<\/div>\n<\/div>\n<\/div>\n<\/div>\n<div class=\"et_pb_row et_pb_row_1 fullWidthMax\">\n<div class=\"et_pb_column et_pb_column_4_4 et_pb_column_1  et_pb_css_mix_blend_mode_passthrough et-last-child\">\n<div class=\"et_pb_with_border et_pb_module et_pb_text et_pb_text_1  et_pb_text_align_left et_pb_bg_layout_light headerStyle\">\n<div class=\"et_pb_text_inner\">\n<h2 style=\"text-align: center\">Datensatz<\/h2>\n<\/div>\n<\/div>\n<\/div>\n<\/div>\n<div id=\"rowReverse\" class=\"et_pb_row et_pb_row_2 fullWidthMax\">\n<div class=\"et_pb_column et_pb_column_1_2 et_pb_column_2  et_pb_css_mix_blend_mode_passthrough\">\n<div class=\"et_pb_with_border et_pb_module et_pb_text et_pb_text_2  et_pb_text_align_left et_pb_bg_layout_light\">\n<div class=\"et_pb_text_inner\">\n<h2 class=\"fw-bold\">Stadtbibliothek_RSS_Feeds Graz<\/h2>\n<p class=\"fs-6 fw-medium pb-5\">RSS-Feeds der Stadtb\u00fcchereien in Graz<\/p>\n<p><h3 class=\"fs-6 fw-bold\">Ver\u00f6ffentlichende Stelle<\/h3>\n<p class=\"fs-6 fw-normal\"><a href=\"mailto:ogd@stadt.graz.at\" target=\"_blank\" title=\"Erzeuger (neues Fenster)\">Stadt Graz (ogd@stadt.graz.at)<\/a><\/p>\n<h3 class=\"fs-6 fw-bold\">Kontaktm\u00f6glichkeiten<\/h3>\n<p class=\"fs-6 fw-normal\"><a href=\"mailto:kulturamt@stadt.graz.at\" target=\"_blank\" title=\"Betreuer (neues Fenster)\">http:\/\/www.graz.at\/kulturamt (kulturamt@stadt.graz.at)<\/a><\/p>\n<h3 class=\"fs-6 fw-bold\">Lizenz<\/h3>\n<p class=\"fs-6 fw-normal\"><a href=\"https:\/\/creativecommons.org\/licenses\/by\/4.0\/\" target=\"_blank\" title=\"Creative Commons BY 4.0 (neues Fenster)\">Creative Commons BY 4.0<\/a><\/p>\n<h3 class=\"fs-6 fw-bold\">Kontaktseite der datenverantwortlichen Stelle<\/h3>\n<p class=\"fs-6 fw-normal\"><a href=\"http:\/\/www.graz.at\/kulturamt\" target=\"_blank\" title=\"maintainer_link (neues Fenster)\">http:\/\/www.graz.at\/kulturamt<\/a><\/p>\n<h3 class=\"fs-6 fw-bold\">Geographische Bezugsebene<\/h3>\n<p class=\"fs-6 fw-normal\">Graz<\/p>\n<h3 class=\"fs-6 fw-bold\">Bezeichnung der Metadatenstruktur<\/h3>\n<p class=\"fs-6 fw-normal\">OGD Austria Metadata 2.1<\/p>\n<h3 class=\"fs-6 fw-bold\">Character Set Code des Metadatensatzes<\/h3>\n<p class=\"fs-6 fw-normal\">utf8<\/p>\n<h3 class=\"fs-6 fw-bold\">Zeitliche Ausdehnung (Anfang)<\/h3>\n<p class=\"fs-6 fw-normal\">2012-01-01<\/p>\n<h3 class=\"fs-6 fw-bold\">JSON<\/h3>\n<p class=\"fs-6 fw-normal\"><a href=\"https:\/\/www.data.gv.at\/katalog\/api\/action\/package_show?id=48761380-f394-4f51-a46f-225c3168c622\" target=\"_blank\" title=\"Metadatensatz als JSON herunterladen (neues Fenster)\">https:\/\/www.data.gv.at\/katalog\/api\/action\/package_show?id=48761380-f394-4f51-a46f-225c3168c622<\/a><\/p>\n<h2 id=\"downloads\" class=\"fw-bold pt-5\">Downloads<\/h2>\n<ul class=\"noBulletPoint ps-0\">\n<li class=\"pt-2\"><a class=\"fs-6 fw-normal pt-1 colorBlack\" href=\"https:\/\/www.stadtbibliothek.graz.at\/feed.asp?mgrp-type=CD-ROM&amp;new-media=1\" title=\"RSS-Datei herunterladen\" target=\"_blank\"><span class=\"et_pb_icon_wrap \"><i class=\"fas fa-download colorBlack pe-2\"><\/i><\/span>RSS_Feed der Stadtb\u00fccherei &#8211; CD-ROMs (RSS)<\/a><\/li>\n<li class=\"pt-2\"><a class=\"fs-6 fw-normal pt-1 colorBlack\" href=\"https:\/\/www.stadtbibliothek.graz.at\/feed.asp?mgrp-type=KIJUB&amp;new-media=1\" title=\"RSS-Datei herunterladen\" target=\"_blank\"><span class=\"et_pb_icon_wrap \"><i class=\"fas fa-download colorBlack pe-2\"><\/i><\/span>RSS_Feed der Stadtb\u00fccherei Kinder- und Jugendb\u00fccher (RSS)<\/a><\/li>\n<li class=\"pt-2\"><a class=\"fs-6 fw-normal pt-1 colorBlack\" href=\"https:\/\/www.stadtbibliothek.graz.at\/feed.asp?mgrp-type=LCD&amp;new-media=1\" title=\"RSS-Datei herunterladen\" target=\"_blank\"><span class=\"et_pb_icon_wrap \"><i class=\"fas fa-download colorBlack pe-2\"><\/i><\/span>RSS_Feed der Stadtb\u00fccherei Literatur-CDs (RSS)<\/a><\/li>\n<li class=\"pt-2\"><a class=\"fs-6 fw-normal pt-1 colorBlack\" href=\"https:\/\/www.stadtbibliothek.graz.at\/feed.asp?mgrp-type=VC&amp;new-media=1\" title=\"RSS-Datei herunterladen\" target=\"_blank\"><span class=\"et_pb_icon_wrap \"><i class=\"fas fa-download colorBlack pe-2\"><\/i><\/span>RSS_Feed der Stadtb\u00fccherei Videos (RSS)<\/a><\/li>\n<li class=\"pt-2\"><a class=\"fs-6 fw-normal pt-1 colorBlack\" href=\"https:\/\/www.stadtbibliothek.graz.at\/feed.asp?mgrp-type=DVD&amp;new-media=1\" title=\"RSS-Datei herunterladen\" target=\"_blank\"><span class=\"et_pb_icon_wrap \"><i class=\"fas fa-download colorBlack pe-2\"><\/i><\/span>RSS_Feed der Stadtb\u00fccherei &#8211; DVDs (RSS)<\/a><\/li>\n<li class=\"pt-2\"><a class=\"fs-6 fw-normal pt-1 colorBlack\" href=\"https:\/\/www.stadtbibliothek.graz.at\/feed.asp?mgrp-type=NDS&amp;new-media=1\" title=\"RSS-Datei herunterladen\" target=\"_blank\"><span class=\"et_pb_icon_wrap \"><i class=\"fas fa-download colorBlack pe-2\"><\/i><\/span>RSS_Feed der Stadtb\u00fccherei Spiele NDS (RSS)<\/a><\/li>\n<li class=\"pt-2\"><a class=\"fs-6 fw-normal pt-1 colorBlack\" href=\"https:\/\/www.stadtbibliothek.graz.at\/feed.asp?mgrp-type=STP&amp;new-media=1\" title=\"RSS-Datei herunterladen\" target=\"_blank\"><span class=\"et_pb_icon_wrap \"><i class=\"fas fa-download colorBlack pe-2\"><\/i><\/span>RSS_Feed der Stadtb\u00fccherei Sprachtrainingspakete (RSS)<\/a><\/li>\n<li class=\"pt-2\"><a class=\"fs-6 fw-normal pt-1 colorBlack\" href=\"https:\/\/www.stadtbibliothek.graz.at\/feed.asp?mgrp-type=UNMAT&amp;new-media=1\" title=\"RSS-Datei herunterladen\" target=\"_blank\"><span class=\"et_pb_icon_wrap \"><i class=\"fas fa-download colorBlack pe-2\"><\/i><\/span>RSS_Feed der Stadtb\u00fccherei Unterrichtsmaterial (RSS)<\/a><\/li>\n<li class=\"pt-2\"><a class=\"fs-6 fw-normal pt-1 colorBlack\" href=\"https:\/\/www.stadtbibliothek.graz.at\/feed.asp?mgrp-type=ZS&amp;new-media=1\" title=\"-Datei herunterladen\" target=\"_blank\"><span class=\"et_pb_icon_wrap \"><i class=\"fas fa-download colorBlack pe-2\"><\/i><\/span>RSS_Feed der Stadtb\u00fccherei Zeitschriften<\/a><\/li>\n<li class=\"pt-2\"><a class=\"fs-6 fw-normal pt-1 colorBlack\" href=\"https:\/\/www.stadtbibliothek.graz.at\/feed.asp?mgrp-type=PS3&amp;new-media=1\" title=\"RSS-Datei herunterladen\" target=\"_blank\"><span class=\"et_pb_icon_wrap \"><i class=\"fas fa-download colorBlack pe-2\"><\/i><\/span>RSS_Feed der Stadtb\u00fccherei Spiele PS3 (RSS)<\/a><\/li>\n<li class=\"pt-2\"><a class=\"fs-6 fw-normal pt-1 colorBlack\" href=\"https:\/\/www.stadtbibliothek.graz.at\/feed.asp?mgrp-type=PCGAME&amp;new-media=1\" title=\"RSS-Datei herunterladen\" target=\"_blank\"><span class=\"et_pb_icon_wrap \"><i class=\"fas fa-download colorBlack pe-2\"><\/i><\/span>RSS_Feed der Stadtb\u00fccherei Spiele PC (RSS)<\/a><\/li>\n<li class=\"pt-2\"><a class=\"fs-6 fw-normal pt-1 colorBlack\" href=\"https:\/\/www.stadtbibliothek.graz.at\/feed.asp?mgrp-type=SACHB&amp;new-media=1\" title=\"RSS-Datei herunterladen\" target=\"_blank\"><span class=\"et_pb_icon_wrap \"><i class=\"fas fa-download colorBlack pe-2\"><\/i><\/span>RSS_Feed der Stadtb\u00fccherei Sachb\u00fccher (RSS)<\/a><\/li>\n<li class=\"pt-2\"><a class=\"fs-6 fw-normal pt-1 colorBlack\" href=\"https:\/\/www.stadtbibliothek.graz.at\/feed.asp?mgrp-type=BEL&amp;new-media=1\" title=\"RSS-Datei herunterladen\" target=\"_blank\"><span class=\"et_pb_icon_wrap \"><i class=\"fas fa-download colorBlack pe-2\"><\/i><\/span>RSS_Feed der Stadtb\u00fccherei &#8211; Belletristik (RSS)<\/a><\/li>\n<li class=\"pt-2\"><a class=\"fs-6 fw-normal pt-1 colorBlack\" href=\"https:\/\/www.stadtbibliothek.graz.at\/feed.asp?mgrp-type=WII&amp;new-media=1\" title=\"RSS-Datei herunterladen\" target=\"_blank\"><span class=\"et_pb_icon_wrap \"><i class=\"fas fa-download colorBlack pe-2\"><\/i><\/span>RSS_Feed der Stadtb\u00fccherei Spiele WII (RSS)<\/a><\/li>\n<li class=\"pt-2\"><a class=\"fs-6 fw-normal pt-1 colorBlack\" href=\"https:\/\/www.stadtbibliothek.graz.at\/feed.asp?mgrp-type=MCD&amp;new-media=1\" title=\"RSS-Datei herunterladen\" target=\"_blank\"><span class=\"et_pb_icon_wrap \"><i class=\"fas fa-download colorBlack pe-2\"><\/i><\/span>RSS_Feed der Stadtb\u00fccherei Musik-CDs (RSS)<\/a><\/li>\n<li class=\"pt-2\"><a class=\"fs-6 fw-normal pt-1 colorBlack\" href=\"https:\/\/www.stadtbibliothek.graz.at\/feed.asp?mgrp-type=SPIEL&amp;new-media=1\" title=\"RSS-Datei herunterladen\" target=\"_blank\"><span class=\"et_pb_icon_wrap \"><i class=\"fas fa-download colorBlack pe-2\"><\/i><\/span>RSS_Feed der Stadtb\u00fccherei Spiele (RSS)<\/a><\/li>\n<\/ul>\n<\/div>\n<\/div>\n<\/div>\n<div id=\"columnReverse\" class=\"et_pb_column et_pb_column_1_2 et_pb_column_3  et_pb_css_mix_blend_mode_passthrough\">\n<div class=\"et_pb_module et_pb_text et_pb_text_3  et_pb_text_align_left et_pb_bg_layout_light p-4 w-50 border\">\n<div class=\"et_pb_text_inner\">\n<h3 class=\"fs-6 fw-bold\">Ver\u00f6ffentlicht am<\/h3>\n<p class=\"fs-6 fw-normal\">07.09.2014 23:02Uhr<\/p>\n<h3 class=\"fs-6 fw-bold\">Aktualisiert am<\/h3>\n<p class=\"fs-6 fw-normal\">05.03.2020 11:39Uhr<\/p>\n<h3 class=\"fs-6 fw-bold\">Kategorie<\/h3>\n<p class=\"fs-6 fw-normal\">Bev\u00f6lkerung und Gesellschaft<\/p>\n<h3 class=\"fs-6 fw-bold\">Schlagworte<\/h3>\n<p class=\"fs-6 fw-normal\">buecherei, bibliothek<\/p>\n<\/div>\n<\/div>\n<\/div>\n<\/div>\n<\/div>\n","protected":false},"excerpt":{"rendered":"<p>Datensatz Stadtbibliothek_RSS_Feeds Graz RSS-Feeds der Stadtb\u00fcchereien in Graz Ver\u00f6ffentlichende StelleStadt Graz (ogd@stadt.graz.at)Kontaktm\u00f6glichkeitenhttp:\/\/www.graz.at\/kulturamt (kulturamt@stadt.graz.at)LizenzCreative Commons BY 4.0Kontaktseite der datenverantwortlichen Stellehttp:\/\/www.graz.at\/kulturamtGeographische BezugsebeneGrazBezeichnung der MetadatenstrukturOGD Austria Metadata 2.1Character Set Code des Metadatensatzesutf8Zeitliche Ausdehnung (Anfang)2012-01-01JSONhttps:\/\/www.data.gv.at\/katalog\/api\/action\/package_show?id=48761380-f394-4f51-a46f-225c3168c622 Downloads RSS_Feed der Stadtb\u00fccherei &#8211; CD-ROMs (RSS) RSS_Feed der Stadtb\u00fccherei Kinder- und Jugendb\u00fccher (RSS) RSS_Feed der Stadtb\u00fccherei Literatur-CDs (RSS) RSS_Feed der Stadtb\u00fccherei Videos (RSS) [&hellip;]<\/p>\n","protected":false},"author":1,"featured_media":0,"parent":0,"menu_order":0,"comment_status":"closed","ping_status":"closed","template":"","meta":{"_et_pb_use_builder":"on","_et_pb_old_content":"","_et_gb_content_width":"","footnotes":""},"class_list":["post-19663","page","type-page","status-publish","hentry"],"_links":{"self":[{"href":"https:\/\/data.graz.gv.at\/graz\/wp-json\/wp\/v2\/pages\/19663","targetHints":{"allow":["GET"]}}],"collection":[{"href":"https:\/\/data.graz.gv.at\/graz\/wp-json\/wp\/v2\/pages"}],"about":[{"href":"https:\/\/data.graz.gv.at\/graz\/wp-json\/wp\/v2\/types\/page"}],"author":[{"embeddable":true,"href":"https:\/\/data.graz.gv.at\/graz\/wp-json\/wp\/v2\/users\/1"}],"replies":[{"embeddable":true,"href":"https:\/\/data.graz.gv.at\/graz\/wp-json\/wp\/v2\/comments?post=19663"}],"version-history":[{"count":0,"href":"https:\/\/data.graz.gv.at\/graz\/wp-json\/wp\/v2\/pages\/19663\/revisions"}],"wp:attachment":[{"href":"https:\/\/data.graz.gv.at\/graz\/wp-json\/wp\/v2\/media?parent=19663"}],"curies":[{"name":"wp","href":"https:\/\/api.w.org\/{rel}","templated":true}]}}